 5 + 44 + -29 + -70.
-59
(-5 - -23) + (256 - 277)
-3
What is the value of 8 + 1 + 12 - 90?
-69
What is -43 + (0 - -3 - (560 + -520))?
-80
Evaluate (-104 - (-27 + 0)) + -31 + 14.
-94
What is (0 + 21 + -2 - (-6 - -5)) + 14?
34
Evaluate -9 - ((2 - (21 - -30)) + 21).
19
What is the value of -162 + (-178 - -259) + (-4 - (2 + -3) - 6)?
-90
What is the value of -2185 + 2310 + -26 + 3 + 2?
104
-80 + 18 - (10 - 23 - 0)
-49
83 + -75 + 110 + 35 + -25
128
Calculate -40 + (36 - (-21 + 23 - 81)).
75
Evaluate 131 + -54 + -120 - (18 - 0).
-61
What is the value of 2 - 14 - (19 - (-2 - -46) - 0)?
13
Evaluate -6 + 29 + (37 - (-11 - -15)).
56
What is -62 - -5 - (-23 + (-47 - -83))?
-70
What is (-8 - (-3 + -27)) + 13?
35
What is 125 + (-30 - -18) - (-20 - -21)?
112
Calculate (70 - 90) + -77 - 31.
-128
Evaluate (10 + -25 - 31 - -22) + -30.
-54
What is the value of -438 - -450 - (29 + -1) - 22?
-38
What is the value of 7 + 13 - (2 - -29) - -31?
20
What is the value of -3 - 2 - 29 - (132 + -155)?
-11
What is -50 + (-1 - -1 - (106 - 129))?
-27
What is the value of 6 - ((-10 - -2) + (-92 - -143) + -5)?
-32
(-12 - (6 - (7 + 12)) - 4) + 3 + 67
67
Evaluate 9 + -1 + 4 + -12 + -2 + -10.
-12
What is 78 + -51 + 58 + -41?
44
Calculate (22 - -8) + -33 + 57 + -17.
37
What is 7 + -4 + -2 + 41 + (-11 - 2) + -5?
24
Evaluate (-116 - -80) + 72 + 40.
76
-60 + 32 + 69 - (0 - 14)
55
Evaluate 0 + (1 - (23 - 41)) + 32.
51
Calculate -1717 - -1724 - (-26 + 0).
33
-1 + 60 + (114 - 177 - -60)
56
Evaluate (1879 - 1951) + (13 - (-3 - 0)).
-56
-36 + (-58 - -101) + 15
22
What is 6 - (12 - 25) - (7 + 30 + -67)?
49
What is the value of -15 + (-3 - (15 + -50 - -11 - -11))?
-5
What is the value of 1 + -1 + (-7 - -4) + 31 + 0 - 1?
27
What is the value of 4 - 22 - (5 - 12 - -2) - 5?
-18
What is (-15 - -105) + (-5 - (10 + -25 + 21))?
79
Calculate 20 + (26 + -6 + -37 - 39).
-36
What is the value of 1 + -25 - (124 - 135) - -14?
1
Evaluate (-5 - -2 - (3 + -53 - (21 + -14))) + 10.
64
What is the value of (-3 - (-5 + 11 + -25)) + 49?
65
(-31 - (-49 - -25)) + (-4 - 2) - -4
-9
What is 20 - (85 + (41 - 101))?
-5
Calculate 13 - (74 - 115 - -106).
-52
Calculate 87 + 71 + -78 + -80.
0
What is the value of -39 - (-98 + (90 - 56))?
25
What is -9 - (-65 + -4 + 6 + (-2 + 8 - 1))?
49
Calculate -1 + (-2 - (-126 + 113 - (-71 - -2))).
-59
Calculate 38 - ((0 - (-4 - 8)) + (-20 - 5)).
51
Calculate -70 + 15 + -16 + -8 - -14.
-65
Calculate 10 + (-5 - 11) + 15 - 10 - (1 - 40).
38
What is the value of 12 + -4 - (-42 + 100 + -59)?
9
What is (1 - 1) + -12 - (74 - -21 - 153)?
46
-82 - (2 - 10) - (8 - -8 - 10)
-80
What is 0 + (9 - -21 - 21) - 19?
-10
What is the value of 17 - 7 - (15 + 12 + -37)?
20
Calculate (1 + (-5 - 5) - -1) + 72 + -56.
8
What is 3 + 0 + 7 + -15 + 5 + (0 - 7)?
-7
3 + (47 + 8 - 13 - (6 - 0))
39
What is (-57 - (-1 - 20)) + -24 - 9?
-69
(46 + -5 - 2) + (-827 - -806)
18
-34 + -1 + 8 + (20 - 21) + 0
-28
What is 117 + (133 - (242 - -105))?
-97
-17 - (49 + -13) - -9
-44
What is -11 - (-103 + (20 - (13 - (-24 - -16))))?
93
Evaluate 5 - (10 - -11) - (8 - (-7 + 10)).
-21
-2 + -14 + (34 - 22) - 4 - (20 - 20)
-8
Calculate 831 + -881 - (-5 + -5).
-40
What is the value of (-3 - 4) + (-8 - 35) + 17 + -16 + -4?
-53
Evaluate 7 + 8 + -3 + 5 + (1 - 1).
17
What is the value of 40 + -46 - -36 - 35?
-5
14 - -8 - (-56 - -74)
4
What is 16 + (-4 - -93) + (-11 + (-9 - -15) - -2)?
102
Evaluate -73 - -185 - (0 - (7 - 28) - 8).
99
Evaluate (-2 - -18) + -1038 + 1087.
65
Evaluate (17 - 9) + -18 - (-72 + 85).
-23
What is (317 - 242) + (-5 - 40)?
30
Calculate (76 - 96) + (-13 + 8 - -2).
-23
Evaluate 1 + 56 + -1 + (27 - 46).
37
128 + -38 - (486 - 322)
-74
-14 - (-92 + -39 + 80)
37
(-5 - (-6 - 8) - 5) + (-22 - -47 - -5)
34
What is (-9 + 11 - (-42 - -5)) + (67 - 66)?
40
What is 158 + -155 + (1 - -5 - 5 - 39)?
-35
Evaluate 35 + -32 + -11 + -8.
-16
22 + 34 + 27 + -42
41
Evaluate -12 + (3 + 6 - 3 - (82 - 80)).
-8
What is the value of -30 - (-34 + (20 - -19))?
-35
What is the value of 74 - (-71 - (52 + -195))?
2
What is -3 - 54 - 34 - -37?
-54
(2 + -22 - (-51 + 79 + -29)) + 12
-7
Calculate 18 - (-13 + 36 + 8) - -5.
-8
What is the value of (9 + (15 - 19) - 17) + (-7 + 5 - -134)?
120
What is the value of (-6 - 52 - -56 - (-2 + -13)) + -29?
-16
Evaluate -53 - (30 - (-30 + 87)).
-26
37 - (32 + (77 - 18))
-54
Evaluate -1 - 82 - (5539 - 5577).
-45
(16 - 102) + -22 + (7 - 9) + 21
-89
What is (7 - (1 + -3)) + (36 + 36 - 33)?
48
Calculate 268 + -257 + -4 + -1 - 60.
-54
Evaluate -9 + (59 + 40 + -29 - (10 - 1)) + -9.
43
What is the value of 20 + -28 + (3 - 25) + -17?
-47
Evaluate (15 - ((-24 - -5) + -39)) + 7 - (9 + 0).
71
What is -21 + (-4 - 10) + 3 + -6?
-38
What is the value of 19 + (24 - (6 - -26)) + 50 + (-7 - 1)?
53
52 + (29 - 16 - 0 - -8) + -19
54
What is the value of 58 + 0 - (-14486 - -14598)?
-54
Calculate (19 - -1) + -5 + 4 + (-1 - 12).
6
(1 + 6 + 47 + -46 - (2 + -10)) + 5
21
What is the value of 169 + -188 - (9 - 9)?
-19
Calculate -12 - 0 - -3 - (170 + -87 - 98).
6
What is the value of -12 + 11 - (-16 + 23 + (0 - 3))?
-5
Calculate 32 - 27 - (-21 + 22 + (64 - -3) + -2).
-61
What is -23 - (109 - 71) - -72?
11
18 - 67 - 30 - -25
-54
-1 - -5 - 41 - (-5201 - -5224)
-60
5 + (-2 - -7) + (19 - (9 - 20))
40
Evaluate (13 - 20 - 19 - -48) + -19.
3
-95 + (-23 + 25 - 3) + 17
-79
What is -51 - (-245 - (-281 + 118))?
31
Calculate (20 - 14) + -148 + 94 + 1 + -1.
-48
Calculate -3 + -19 + -17 + (26 - (35 + -163)).
115
102 - ((20 + -18 - -11) + -9) - 20
78
What is (-3 - 0) + (-12 - 28 - (6 - 9 - -10))?
-50
What is (-3 - (-18 - 39)) + (53 - 24)?
83
What is the value of (-377 - -273 - -84) + (1 - -89)?
70
(-122 - (-54 + -41)) + -45
-72
8 - (45 + -2) - (9 - 24)
-20
Calculate 20 - (-2 - (-28 - 12) - 128).
110
What is (-1 - (2 - -27)) + (-447 - -433) - (1 - 9)?
-36
Evaluate 0 + -3 + 4 + 2 + (27 - 10).
20
What is -7 + 17 + -72 + 72 + -56?
-46
Evaluate 5 + -3 + 5 + -8 - (-10 - 0 - -8).
1
Evaluate -6 - ((-1 - 8) + (7 - 14) + 23).
-13
(-1 + -11 - -3) + (5 - -4 - (4 + 11))
-15
What is -826 - -835 - (0 - (-2 - -25))?
32
Evaluate 7 - ((-22 - -55) + -23 + 15).
-18
What is the value of 59 + (-3 - -38) + -26?
68
What is 9 - ((-46 - -43) + 0 + 3) - -24?
33
What is -3 + (-34 - -21 - -28)?
12
Calculate 129 - (-49 - (56 - 122)).
112
Evaluate 52 + (6 - 19) + -10 + -22.
7
What is the value of (0 - 8) + 48 + -83 + 22?
-21
-39 - (-8 + (-2 - (0 + 0)) + 14)
-43
(47 - (37 + 24)) + (2 - 35)
-47
Calculate 10 + (-6 - (-9 - 3 - (-41 - -37))).
12
(-84 - -137) + (2 - 6)
49
-8 + 13 + (-10 - (-6 + -6 + 4))
3
What is (-45 - -105 - 40) + 5?
25
What is the value of 0 - (-1 + -4 + 1 + 61 + -49 + -48)?
40
Evaluate -11 + -15 + 90 + -48.
16
What is 10 + -15 + 13 + -8 + 48?
48
-6 - (-1 - 34 - (48 - (-92 + 150)))
19
What is (37 - -12) + (-91 - -49)?
7
Calculate 2 + (2 - 2) - -4 - (102 + -114 + -48).
66
Calculate -159 + 49 - (-257 - -47).
100
Evaluate -158 - (23 + (-94 - -46) - (2 - 6)).
-137
Evaluate -663 - -680 - (-4 + 4 + 56).
-39
-12 - -5 - -6 - (5 + (-4 - (-13 + -3)))
-18
What is the value of -1 + -75 - (8628 - 8626)?
-78
What is the value of -2 + 1 - -22 - (-15 + 2 + 24) - -58?
68
Evaluate -25 + (-31 - (79 + -160)).
25
Evaluate (51 - 67) + 149 - 254.
-121
Evaluate -8 + ((6 - -55) + -1 + 4 + 6 - 1).
61
What is the value of (50 + -12 - 3) + -46?
-11
Evaluate (932 - 948) + 1 + 47.
32
Evaluate 77 - 0 - (3 + (-72 - (-32 - 21))).
93
-13 + -35 + (-17 - -15)
-50
What is -25 - (12 + -18 + -18 + 5)?
-6
Calculate (4 - 9) + (23 - -1) + -253 + 269.
35
What is -8 - -76 - (59 + 18 - 40)?
31
What is -2114 + 2088 - (6 + 0)?
-32
What is (-368 - -242) + 0 + 53?
-73
Evaluate -5 - (0 - (52 - 23)) - 16.
8
What is -42 + 43 + -37 + 1 + 12?
-23
What is the value of -38 - (52 + -6 + -63)?
-21
What is 19 + (-68 - -68) + -83?
-64
Calculate (38 - 6) + 2 - ((17 - 7) + -18).
42
Evaluate -62 - (1 + -25 - -10).
-48
Calculate -34 - (-21 + 81 + -39).
-55
Evaluate 6 + 4 + (-696 - -756).
70
Calculate (8 - 81 - (5 - -8 - 33)) + -2.
-55
Evaluate 19 + 6 + (-52 - (-11 - 36)).
20
Evaluate 102 - ((-5 - 37 - -43) + -9).
110
Calculate (-70 - (-28 + -55)) + 0 + -69.
-56
What is the value of -17 + -36 - (77 + -246)?
116
Calculate 17 + 10 + -19 + (-91 - (1 + -9 - -9)).
-84
What is the value of -21 - ((73 + -122 - 58) + (15 - 2))?
73
-19 - ((-23 - 